 is the units digit of k(-4)?
2
Suppose 4*c + 4*i - i = 57, -3*c = -4*i - 24. What is the tens digit of c?
1
Let s(p) = 39*p + 3. What is the tens digit of s(1)?
4
Suppose -3*d + 5*f = 0, -6*f - 20 = d - f. Suppose 70 + 44 = 6*h. Let g = d + h. What is the tens digit of g?
1
Suppose 0 = 4*y - y + 2*p - 13, 3*y = -4*p + 17. Let h(x) = -2 + 1 - 4*x - x**2 + 0*x**3 + x**y. What is the units digit of h(3)?
5
Let k(t) = 9*t + 9. What is the tens digit of k(7)?
7
What is the units digit of 0 + 1 + 2 + 89?
2
Suppose -2*q = -3*y + 71, -7*q - 2*y - 150 = -3*q. Let n = 52 + q. What is the tens digit of n?
1
Suppose 2*z + 14 = 4*z. Let y be (4/14)/(1/z). Suppose 4*s - 18 = -y. What is the units digit of s?
4
Suppose -2 = 4*z - 3*z. Let x(h) = -h - 8. Let n be x(-6). What is the tens digit of (n - (z + -10)) + 2?
1
Let o(z) be the first derivative of -2*z**5/15 - z**4/24 - 2*z**3/3 - 1. Let t(y) be the third derivative of o(y). What is the tens digit of t(-1)?
1
What is the hundreds digit of 7/(35/15) - (2 - 116)?
1
Suppose -105 = -6*j + j. Suppose -2*l - l = -j. What is the units digit of l?
7
Let l(x) be the first derivative of -x**4/4 + x**2/2 + 16*x - 11. Let w be 4/(-18) + 2/9. What is the tens digit of l(w)?
1
Let b(t) = t - 13. Let j be b(12). Let y = j + 3. Let g = y + 1. What is the units digit of g?
3
Let i(b) = -10*b. Let f be i(-3). Let q = -18 + f. What is the tens digit of q?
1
Let x = 73 + -13. Suppose 4*q = -4*i + 60, x = 5*i - i - 3*q. What is the units digit of i?
5
Suppose -28*q + 25*q = -795. What is the units digit of q?
5
Let l = 2 + 1. What is the units digit of l?
3
Let p be (0 - 1)*(-4)/4. Let v be p*0*(-1)/2. Let g = v - -1. What is the units digit of g?
1
Suppose 238 = 5*c - p, 0 = 3*c + c + 5*p - 202. What is the units digit of c?
8
Suppose 217 = 4*r - 3*w, 3*r - 166 = -w - 0*w. What is the tens digit of r?
5
Let a = 1 - 15. Let w = 30 + a. Suppose -2*v + 4*v - w = 0. What is the units digit of v?
8
What is the tens digit of (1/((-12)/632))/(12/(-18))?
7
Let f = -5 + 9. What is the units digit of ((-6)/f)/(1/(-8))?
2
Let i be -2 - (3 - 1 - 13). Suppose 2*s = s + i. What is the units digit of s?
9
Suppose -3*i + 3 + 39 = 0. Let z = i + -5. What is the units digit of z?
9
Suppose 17 = 4*o + 5. Suppose 0 = -4*v + 4*r + 8, 3*r = 9 + o. What is the units digit of v?
6
Let g(m) = 7*m**2 - m. Let z be g(1). Suppose -2*w + 0 = -z. What is the units digit of w?
3
Let i = -4 - -5. What is the units digit of (-3)/(0 + i)*-3?
9
Suppose -4*w = 4*f + f - 594, -4*f - 8 = 0. What is the tens digit of w?
5
Suppose 76 = 3*u + 16. What is the tens digit of u?
2
Suppose 0 = -f + 273 + 17. What is the units digit of f?
0
Let k(l) = -2*l**3 - 5*l**2 + l. Let w(u) = 5*u**3 + 16*u**2 - 4*u - 1. Let b(q) = -8*k(q) - 3*w(q). What is the tens digit of b(8)?
3
Let p be (-2)/8*74*-2. Suppose 0 = -3*y + p - 10. What is the units digit of y?
9
Let b = 6 + 4. What is the tens digit of b/4*(-54)/(-5)?
2
Let d(b) = -2*b**3 + 6*b**2 + b - 4. Let t be d(4). Suppose 0 = 3*z + 2*z + 105. Let u = z - t. What is the tens digit of u?
1
Let x be 8/2 + -1 + -3. Suppose 3*s + x*h = h + 137, -3*h + 49 = s. What is the units digit of s?
6
Let z be (-4)/6 + 497/21. Let h = -14 + z. What is the units digit of h?
9
What is the tens digit of (-2324)/(-7) + 0 + -2 + 0?
3
Let v be (-2)/7 + (-210)/(-49). Suppose 2*s + v = 32. What is the units digit of s?
4
Let r = 76 + -56. What is the units digit of r?
0
Suppose 5*r = -2*o + 178, 13 + 21 = r + 2*o. Suppose -4*l + r = -0*l. What is the units digit of l?
9
Suppose 159 = 9*l - 39. What is the tens digit of l?
2
What is the units digit of 78600/275 + 4/22?
6
Let s = 7 + -11. Let x be s - -19 - 4/2. Suppose 5*g + 5*z - x + 3 = 0, g + 3 = 4*z. What is the units digit of g?
1
Suppose 0*z - 3*t = -z + 28, 0 = -4*z - 5*t + 61. What is the units digit of z?
9
Suppose -i = -c - 0*c - 66, i + c = 72. What is the tens digit of i?
6
Let t(f) = -f**3 + 4*f**2. Let b(z) = -5*z + 1. Let q be b(-1). Let c(k) = -k**2 + 8*k - 9. Let r be c(q). What is the units digit of t(r)?
9
Suppose 3*t + 0*t - 12 = 0. Suppose k = -3*u + 4, -t = -k + 4*u - 3*u. What is the units digit of k?
4
Let u be (-10)/((-2)/4 - 0). Suppose 3*m = -2*o + 23, -u = -5*o + 2*m + 28. What is the units digit of o?
0
Let b = 5 + -11. Let z = b + 11. What is the units digit of z?
5
Let h(s) = s**3 - s**2 + 3*s - 3. Let k(r) = r**3 + 7*r**2 + 6*r + 2. Suppose 0 = -2*i - 4 - 8. Let w be k(i). What is the units digit of h(w)?
7
Let z = 8 - 9. What is the units digit of z - (-8 + -2) - 3?
6
Suppose 2*k + g + 28 = -2*g, -5*g + 14 = -k. Let m = k + 18. What is the units digit of m?
4
Suppose 2*o - 5*o = l - 10, -26 = -5*o - 4*l. What is the units digit of ((-2)/6)/(o/(-60))?
0
Let f(q) = -q**2 - 4*q. Let r be f(-4). Suppose r*i = i - 11. What is the units digit of i?
1
Let z(q) be the third derivative of -q**4/24 + 13*q**3/6 + 4*q**2. What is the units digit of z(0)?
3
Let r = 24 - 18. Let m = -1 - -6. Let g = m + r. What is the units digit of g?
1
Let a be (-3)/((-6)/44) - 1. Let l = a - 8. Let s = -9 + l. What is the units digit of s?
4
Let k = 0 + 34. Suppose -c - k = -5*m, 2*c + 2*c = -m - 10. What is the units digit of m?
6
Let q(t) be the third derivative of -t**6/360 + t**5/60 - t**4/12 + t**2. Let i(f) be the second derivative of q(f). What is the units digit of i(-3)?
8
Let z = 280 - 189. What is the tens digit of z?
9
Suppose 5*a - 608 = -3*a. What is the tens digit of a?
7
Let r be 3/9 - 4/3. What is the units digit of r/(-1*4/52)?
3
Let r be (5/20)/((-1)/(-4)). Suppose -2*g + r = -4*d - 13, -g - 5*d - 7 = 0. What is the units digit of g?
3
Suppose 5*s - z - 71 = 0, 4*s - 3*z + 2 - 61 = 0. What is the tens digit of s?
1
Let x = 4 - 2. Suppose x = -d + 2*y + 30, -2*d = 3*y - 42. What is the units digit of (-1)/((-2)/d*2)?
6
Let s = 20 + 6. What is the units digit of s?
6
Suppose -14*m + 10*m = -600. What is the hundreds digit of m?
1
Let y(n) = 9*n + 6. Let u be y(7). Let g = -46 + u. What is the units digit of g?
3
Let y(z) = 24*z - 51. What is the hundreds digit of y(8)?
1
Let f(j) = 4*j**2 + 10*j - 2. Let c(z) = -5*z**2 - 11*z + 1. Let k = 5 + -10. Let m(r) = k*c(r) - 6*f(r). What is the units digit of m(5)?
7
Let l be 1 - 3 - 8/(-2). Suppose -l*r - 5*k = 9, 2*k + 13 = 2*r + 1. Suppose 0 = -2*z + b + 1, 0 = -r*z + 3*b + 2*b - 9. What is the units digit of z?
2
Let w(v) = 3*v**3 - 2*v**3 + 0*v**3 - v**2. Let u be w(0). What is the units digit of 7/(-3)*-3 - u?
7
Let x(g) = 2*g + 4. Let u be x(2). Suppose 0 = -5*s + 4*s - 6. Let k = u + s. What is the units digit of k?
2
Suppose 2*b - b = 7. Suppose 3*c = -3*a + a + 6, c - a - b = 0. What is the units digit of c?
4
Let r be (-2)/8 + 50/8. Let d be (-2)/r + 1/3. Suppose d = -4*k - k + 20. What is the units digit of k?
4
Let k(b) = -43*b**3 - 1. Let a be k(1). Let c be a/(-7) - 8/28. Suppose 1 + c = v. What is the units digit of v?
7
Let g(i) = -i**2 + i - 1. Let b be g(2). Let x(t) be the third derivative of t**5/30 - t**3/2 + 14*t**2. What is the units digit of x(b)?
5
Let b = 6 - 2. Let n(x) = x**2 + 5*x + 2. What is the tens digit of n(b)?
3
Let d(a) = -3*a - 1. Let l(k) = -k - 3. Let b be l(2). What is the tens digit of d(b)?
1
Let w = 43 + -20. What is the tens digit of w?
2
Let h be (32/2)/((-1)/2). What is the units digit of (h/(-24))/((-1)/(-12))?
6
Let z be (-406)/(-12) - 2/(-12). Suppose h - 4*h = 2*k - z, -17 = h - 5*k. What is the units digit of h?
8
Let n be -106*(-2)/8*2. Let q = n - 38. Suppose 0 = 4*a - 5*u - q - 16, -4*a + 37 = u. What is the units digit of a?
9
Suppose 221 = 2*q - 211. What is the hundreds digit of q?
2
Suppose -p + 1 = t, 5 = -0*p - 5*p. What is the units digit of t?
2
What is the hundreds digit of 2/((-203)/68 + 3)?
1
Let x be -2*3*(-3)/3. Suppose -w = 5*p - 49, -p = -x*w + w - 15. What is the tens digit of p?
1
Suppose o - 6*o = -40. What is the units digit of o?
8
Suppose 2*x = -14 + 6. Let s(b) = b**3 + 5*b**2 + 3*b - 2. Let d be s(x). Suppose 5*n - 55 = 5*p, d*n - 4 = -8*p + 4*p. What is the units digit of n?
8
Suppose -4*j - 4*o - 10 = -2, 2*j + 3*o = -9. What is the units digit of j?
3
Suppose -2*c + c + 2*m - 13 = 0, -5*m - 125 = 5*c. What is the tens digit of c*(-1)/((-1)/(-1))